{"id":3,"date":"2025-07-20T10:12:34","date_gmt":"2025-07-20T08:12:34","guid":{"rendered":"http:\/\/serwer372429.lh.pl\/autoinstalator\/serwer372429.lh.pl\/wordpress128121\/?page_id=3"},"modified":"2025-08-04T10:22:29","modified_gmt":"2025-08-04T08:22:29","slug":"polityka-cookies","status":"publish","type":"page","link":"https:\/\/scandiso.pl\/index.php\/polityka-cookies\/","title":{"rendered":"Polityka Cookies"},"content":{"rendered":"\t\t<div data-elementor-type=\"wp-page\" data-elementor-id=\"3\" class=\"elementor elementor-3\">\n\t\t\t\t<div class=\"elementor-element elementor-element-9717b6b e-flex e-con-boxed e-con e-parent\" data-id=\"9717b6b\" data-element_type=\"container\">\r\n\t\t\t\t\t<div class=\"e-con-inner\">\r\n\t\t\t\t<div class=\"elementor-element elementor-element-2362bd7 elementor-widget elementor-widget-text-editor\" data-id=\"2362bd7\" data-element_type=\"widget\" data-widget_type=\"text-editor.default\">\n\t\t\t\t<div class=\"elementor-widget-container\">\n\t\t\t\t\t\t\t\t\t<header class=\"rey-pageHeader\">\n<h1 class=\"rey-pageTitle entry-title wp-block-heading\">Polityka Cookies<\/h1>\n<\/header>\n<article id=\"page-3\" class=\"post-3 page type-page status-publish hentry\">\n<div class=\"rey-pageContent\">\n<div class=\"elementor elementor-3\" data-elementor-type=\"wp-page\" data-elementor-id=\"3\">\n<div class=\"e-con-top elementor-element elementor-element-39d98c5d e-flex e-con-boxed e-con e-parent e-lazyloaded\" data-id=\"39d98c5d\" data-element_type=\"container\">\n<div class=\"e-con-inner\">\n<div class=\"elementor-element elementor-element-26d0a9 elementor-widget elementor-widget-text-editor\" data-id=\"26d0a9\" data-element_type=\"widget\" data-widget_type=\"text-editor.default\">\n<div class=\"elementor-widget-container\">\n<p class=\"p3\">Zapewniamy naszym Klientom pe\u0142ne poszanowanie ich prywatno\u015bci oraz ochron\u0119 ich danych osobowych.<\/p>\n<p class=\"p3\">Dane osobowe przekazywane nam przez Klient\u00f3w przetwarzamy zgodnie z wymogami <span class=\"s1\"><b>Rozporz\u0105dzenia Parlamentu Europejskiego i Rady (UE) 2016\/679<\/b><\/span> z dnia 27 kwietnia 2016 r. w sprawie ochrony os\u00f3b fizycznych w zwi\u0105zku z przetwarzaniem danych osobowych i w sprawie swobodnego przep\u0142ywu takich danych (<span class=\"s1\"><b>RODO<\/b><\/span>), a tak\u017ce z innymi obowi\u0105zuj\u0105cymi przepisami prawa. Dane osobowe Klient\u00f3w przechowujemy na serwerach zapewniaj\u0105cych ich pe\u0142ne bezpiecze\u0144stwo. Dost\u0119p do bazy danych posiadaj\u0105 jedynie uprawnieni pracownicy Sklepu.<\/p>\n<p class=\"p3\">Ka\u017cdy Klient, kt\u00f3ry przekaza\u0142 nam swoje dane osobowe, ma pe\u0142ne prawo dost\u0119pu do swoich danych, ich weryfikacji, sprostowania, ograniczenia przetwarzania, przeniesienia danych, a tak\u017ce \u017c\u0105dania ich usuni\u0119cia (prawo do bycia zapomnianym). \u017baden z tych proces\u00f3w nie wp\u0142ywa na zgodno\u015b\u0107 z prawem przetwarzania, kt\u00f3rego dokonano na podstawie zgody wyra\u017conej przed jej cofni\u0119ciem.<\/p>\n<p class=\"p3\">Sklep nie przekazuje, nie sprzedaje ani nie udost\u0119pnia zgromadzonych danych osobowych Klient\u00f3w osobom trzecim, chyba \u017ce na podstawie wyra\u017anej zgody Klienta lub w sytuacjach wymaganych przepisami prawa (np. na \u017c\u0105danie uprawnionych organ\u00f3w pa\u0144stwowych).<\/p>\n<p class=\"p3\">Nasz Sklep wykorzystuje tzw. <span class=\"s1\"><b>pliki cookies (ciasteczka)<\/b><\/span>. Pliki te s\u0105 zapisywane na urz\u0105dzeniu Klienta przez nasz serwer i s\u0142u\u017c\u0105 m.in. do:<\/p>\n<ul>\n<li class=\"p4\">\u00a0personalizacji oferty i dostosowania jej do indywidualnych potrzeb Klienta,<\/li>\n<li class=\"p4\">\u00a0prowadzenia statystyk dotycz\u0105cych aktywno\u015bci U\u017cytkownika na naszej stronie,<\/li>\n<li class=\"p4\">\u00a0obs\u0142ugi sesji U\u017cytkownika (np. zapami\u0119tywania zawarto\u015bci koszyka).<\/li>\n<\/ul>\n<p class=\"p3\">Klient mo\u017ce w dowolnym momencie wy\u0142\u0105czy\u0107 obs\u0142ug\u0119 plik\u00f3w cookies w swojej przegl\u0105darce internetowej. Nale\u017cy jednak mie\u0107 \u015bwiadomo\u015b\u0107, \u017ce mo\u017ce to wp\u0142yn\u0105\u0107 na funkcjonalno\u015b\u0107 strony i utrudni\u0107 korzystanie z niekt\u00f3rych jej funkcji.<\/p>\n<p class=\"p3\">Dane przechowywane w plikach cookies obejmuj\u0105 m.in.:<\/p>\n<p class=\"p4\">\u2022 informacje o sesji U\u017cytkownika,<\/p>\n<p class=\"p4\">\u2022 list\u0119 ostatnio ogl\u0105danych produkt\u00f3w,<\/p>\n<p class=\"p4\">\u2022 informacje o oddaniu g\u0142osu w ankietach.<\/p>\n<p class=\"p3\">Na naszej stronie mog\u0105 znajdowa\u0107 si\u0119 linki prowadz\u0105ce do <span class=\"s1\"><b>zewn\u0119trznych stron internetowych<\/b><\/span>, kt\u00f3rych administratorami nie jeste\u015bmy. Nie odpowiadamy za zawarto\u015b\u0107 tych stron ani za realizowan\u0105 na nich ochron\u0119 prywatno\u015bci. Przej\u015bcie na takie strony odbywa si\u0119 na odpowiedzialno\u015b\u0107 U\u017cytkownika. Zalecamy zapoznanie si\u0119 z polityk\u0105 prywatno\u015bci takich stron przed przekazaniem im swoich danych osobowych.<\/p>\n<p class=\"p3\"><span class=\"s1\"><b>Materia\u0142y reklamowe i promocyjne<\/b><\/span> wysy\u0142amy Klientom wy\u0142\u0105cznie w przypadku wyra\u017cenia przez nich wyra\u017anej zgody, np. poprzez subskrypcj\u0119 newslettera. Klient w ka\u017cdej chwili mo\u017ce zrezygnowa\u0107 z otrzymywania takich materia\u0142\u00f3w, klikaj\u0105c w link do wypisania si\u0119 znajduj\u0105cy si\u0119 w ka\u017cdym newsletterze.<br \/><br \/>Nasza strona korzysta z Google reCAPTCHA w celu zabezpieczenia formularzy kontaktowych przed spamem i nadu\u017cyciami. Obowi\u0105zuj\u0105 <a href=\"https:\/\/policies.google.com\/privacy\">Polityka prywatno\u015bci Google<\/a> oraz <a href=\"https:\/\/policies.google.com\/terms\">Warunki korzystania z us\u0142ug<\/a>.<\/p>\n<\/div>\n<\/div>\n<\/div>\n<\/div>\n<\/div>\n<\/div>\n<\/article>\t\t\t\t\t\t\t\t<\/div>\n\t\t\t\t<\/div>\n\t\t\t\t\t<\/div>\n\t\t\t\t<\/div>\n\t\t\t\t<\/div>\n\t\t","protected":false},"excerpt":{"rendered":"<p>Polityka Cookies Zapewniamy naszym Klientom pe\u0142ne poszanowanie ich prywatno\u015bci oraz ochron\u0119 ich danych osobowych. Dane osobowe przekazywane nam przez Klient\u00f3w przetwarzamy zgodnie z wymogami Rozporz\u0105dzenia Parlamentu Europejskiego i Rady (UE) 2016\/679 z dnia 27 kwietnia 2016 r. w sprawie ochrony os\u00f3b fizycznych w zwi\u0105zku z przetwarzaniem danych osobowych i w sprawie swobodnego przep\u0142ywu takich danych [&hellip;]<\/p>\n","protected":false},"author":2,"featured_media":0,"parent":0,"menu_order":0,"comment_status":"closed","ping_status":"closed","template":"","meta":{"footnotes":""},"class_list":["post-3","page","type-page","status-publish","hentry"],"_links":{"self":[{"href":"https:\/\/scandiso.pl\/index.php\/wp-json\/wp\/v2\/pages\/3","targetHints":{"allow":["GET"]}}],"collection":[{"href":"https:\/\/scandiso.pl\/index.php\/wp-json\/wp\/v2\/pages"}],"about":[{"href":"https:\/\/scandiso.pl\/index.php\/wp-json\/wp\/v2\/types\/page"}],"author":[{"embeddable":true,"href":"https:\/\/scandiso.pl\/index.php\/wp-json\/wp\/v2\/users\/2"}],"replies":[{"embeddable":true,"href":"https:\/\/scandiso.pl\/index.php\/wp-json\/wp\/v2\/comments?post=3"}],"version-history":[{"count":4,"href":"https:\/\/scandiso.pl\/index.php\/wp-json\/wp\/v2\/pages\/3\/revisions"}],"predecessor-version":[{"id":5627,"href":"https:\/\/scandiso.pl\/index.php\/wp-json\/wp\/v2\/pages\/3\/revisions\/5627"}],"wp:attachment":[{"href":"https:\/\/scandiso.pl\/index.php\/wp-json\/wp\/v2\/media?parent=3"}],"curies":[{"name":"wp","href":"https:\/\/api.w.org\/{rel}","templated":true}]}}