{"id":1623,"date":"2025-10-07T10:04:15","date_gmt":"2025-10-07T08:04:15","guid":{"rendered":"http:\/\/serwer372429.lh.pl\/autoinstalator\/serwer372429.lh.pl\/wordpress128121\/index.php\/product\/komoda-malwa-2d4s-120-kaszmir-bez\/"},"modified":"2026-04-18T08:46:59","modified_gmt":"2026-04-18T06:46:59","slug":"komoda-malwa-2d4s-120-kaszmir-bez","status":"publish","type":"product","link":"https:\/\/scandiso.pl\/index.php\/product\/komoda-malwa-2d4s-120-kaszmir-bez\/","title":{"rendered":"Komoda Malwa 2D4S 120 KASZMIR BE\u017b"},"content":{"rendered":"<p><strong>NOWOCZESNA DU\u017bA KOMODA<\/strong><\/p>\n<p>\t<strong>2 PARY DRZWI, 4 SZUFLADY<\/strong><\/p>\n<p>\t<strong>MODEL: 2D4S<\/strong><\/p>\n<p>\t<strong>KOLOR: <\/strong><strong>KASZMIR<\/strong><\/p>\n<p>\t\tKomoda 2D4S to stylowy i pakowny mebel, kt&oacute;ry doskonale sprawdzi si\u0119 w sypialni, salonie, pokoju dziecka lub przedpokoju. Jej uniwersalny wygl\u0105d to po\u0142\u0105czenie prostoty i elegancji, idealne do nowoczesnych i minimalistycznych wn\u0119trz.<\/p>\n<p>\t\tDzi\u0119ki dw&oacute;m drzwiczkom i czterem pojemnym szufladom oferuje du\u017c\u0105 przestrze\u0144 do przechowywania, pomagaj\u0105c w organizacji codziennych przedmiot&oacute;w.<\/p>\n<p>\t\t<strong>G\u0141&Oacute;WNE CECHY MEBLA:<\/strong><\/p>\n<ul>\n<li>\n\t\t\tNowoczesny kolor &#8211; Kaszmir (Stylowy odcie\u0144 be\u017cu)<\/li>\n<li>\n\t\t\tPojemne wn\u0119trze &ndash; 2 drzwiczki i 4 szuflady<\/li>\n<li>\n\t\t\tBezuchwytowe fronty &ndash; nowoczesny wygl\u0105d i wygodne u\u017cytkowanie<\/li>\n<li>\n\t\t\tMinimalistyczna konstrukcja &ndash; doskona\u0142a do nowoczesnych wn\u0119trz<\/li>\n<li>\n\t\t\tWysoka jako\u015b\u0107 wykonania &ndash; solidna i trwa\u0142a konstrukcja<\/li>\n<li>\n\t\t\tPolski producent &ndash; gwarancja precyzji i dba\u0142o\u015bci o detale<\/li>\n<\/ul>\n<p><strong>MATERIA\u0141:<\/strong><\/p>\n<p>\tKorpus i fronty &#8211; p\u0142yta wi&oacute;rowa laminowana o grubo\u015bci 16 mm.<\/p>\n<p>\tSzuflady &ndash; osadzone na prowadnicach rolkowych, co zapewnia p\u0142ynne i wygodne wysuwanie.<\/p>\n<p>\t<strong>WYMIARY:<\/strong><\/p>\n<p>\tG\u0142\u0119boko\u015b\u0107: 40 cm<\/p>\n<p>\tSzeroko\u015b\u0107: 120 cm<\/p>\n<p>\tWysoko\u015b\u0107: 97 cm<\/p>\n<p>\t<strong>U\u017cytkowanie:<\/strong><\/p>\n<p>\tPowierzchni\u0119 mebla czy\u015bci\u0107 przy pomocy mi\u0119kkiej szmatki. Unika\u0107 stosowania silnie dzia\u0142aj\u0105cych \u015brodk&oacute;w chemicznych.<\/p>\n<p>\t<strong>W opakowaniu:<\/strong><\/p>\n<p>\tInstrukcja monta\u017cu wraz ze wszystkimi potrzebnymi akcesoriami monta\u017cowymi.<\/p>\n<p>\tMeble s\u0105 fabrycznie zapakowane do samodzielnego monta\u017cu.<\/p>\n<p>\n\t\t<em><strong data-end=\"82\" data-start=\"67\">Informacja:<\/strong><\/em><\/p>\n<p>\n\t\t<em>Dok\u0142adamy wszelkich stara\u0144, aby kolory mebli prezentowane na zdj\u0119ciach by\u0142y odwzorowane mo\u017cliwie jak najdok\u0142adniej. Nale\u017cy jednak pami\u0119ta\u0107, \u017ce ich odbi&oacute;r mo\u017ce si\u0119 r&oacute;\u017cni\u0107 w zale\u017cno\u015bci od indywidualnych ustawie\u0144 monitora lub ekranu (takich jak jasno\u015b\u0107, kontrast, temperatura barwowa czy technologia wy\u015bwietlania). Rzeczywisty odcie\u0144 produktu mo\u017ce si\u0119 tak\u017ce r&oacute;\u017cni\u0107 w zale\u017cno\u015bci od warunk&oacute;w o\u015bwietleniowych.<br data-end=\"491\" data-is-only-node=\"\" data-start=\"488\" \/><br \/>\n\t\tEwentualne r&oacute;\u017cnice kolorystyczne nie wynikaj\u0105 z wady produktu.<\/em><\/p><\/p>\n","protected":false},"excerpt":{"rendered":"<p><strong>MATERIA\u0141:<\/strong><\/p>\n<p>\tKorpus i fronty &#8211; p\u0142yta wi&oacute;rowa laminowana o grubo\u015bci 16 mm.<\/p>\n<p>\tSzuflady &ndash; osadzone na prowadnicach rolkowych, co zapewnia p\u0142ynne i wygodne wysuwanie.<\/p>\n<p>\t<strong>WYMIARY:<\/strong><\/p>\n<p>\tG\u0142\u0119boko\u015b\u0107: 40 cm<\/p>\n<p>\tSzeroko\u015b\u0107: 120 cm<\/p>\n<p>\tWysoko\u015b\u0107: 97 cm<\/p>\n<p>\t<strong>U\u017cytkowanie:<\/strong><\/p>\n<p>\tPowierzchni\u0119 mebla czy\u015bci\u0107 przy pomocy mi\u0119kkiej szmatki. Unika\u0107 stosowania silnie dzia\u0142aj\u0105cych \u015brodk&oacute;w chemicznych.<\/p>\n<p>\t<strong>W opakowaniu:<\/strong><\/p>\n<p>\tInstrukcja monta\u017cu wraz ze wszystkimi potrzebnymi akcesoriami monta\u017cowymi.<\/p>\n<p>\tMeble s\u0105 fabrycznie zapakowane do samodzielnego monta\u017cu.<\/p>\n<p>\n\t\t<em><strong data-end=\"82\" data-start=\"67\">Informacja:<\/strong><\/em><\/p>\n<p>\n\t\t<em>Dok\u0142adamy wszelkich stara\u0144, aby kolory mebli prezentowane na zdj\u0119ciach by\u0142y odwzorowane mo\u017cliwie jak najdok\u0142adniej. Nale\u017cy jednak pami\u0119ta\u0107, \u017ce ich odbi&oacute;r mo\u017ce si\u0119 r&oacute;\u017cni\u0107 w zale\u017cno\u015bci od indywidualnych ustawie\u0144 monitora lub ekranu (takich jak jasno\u015b\u0107, kontrast, temperatura barwowa czy technologia wy\u015bwietlania). Rzeczywisty odcie\u0144 produktu mo\u017ce si\u0119 tak\u017ce r&oacute;\u017cni\u0107 w zale\u017cno\u015bci od warunk&oacute;w o\u015bwietleniowych.<br data-end=\"491\" data-is-only-node=\"\" data-start=\"488\" \/><br \/>\n\t\tEwentualne r&oacute;\u017cnice kolorystyczne nie wynikaj\u0105 z wady produktu.<\/em><\/p><\/p>\n","protected":false},"featured_media":1624,"template":"","meta":[],"product_brand":[64],"product_cat":[40],"product_tag":[],"class_list":{"0":"post-1623","1":"product","2":"type-product","3":"status-publish","4":"has-post-thumbnail","6":"product_brand-topeshop","7":"product_cat-komody","9":"first","10":"instock","11":"taxable","12":"shipping-taxable","13":"purchasable","14":"product-type-simple"},"_links":{"self":[{"href":"https:\/\/scandiso.pl\/index.php\/wp-json\/wp\/v2\/product\/1623","targetHints":{"allow":["GET"]}}],"collection":[{"href":"https:\/\/scandiso.pl\/index.php\/wp-json\/wp\/v2\/product"}],"about":[{"href":"https:\/\/scandiso.pl\/index.php\/wp-json\/wp\/v2\/types\/product"}],"wp:featuredmedia":[{"embeddable":true,"href":"https:\/\/scandiso.pl\/index.php\/wp-json\/wp\/v2\/media\/1624"}],"wp:attachment":[{"href":"https:\/\/scandiso.pl\/index.php\/wp-json\/wp\/v2\/media?parent=1623"}],"wp:term":[{"taxonomy":"product_brand","embeddable":true,"href":"https:\/\/scandiso.pl\/index.php\/wp-json\/wp\/v2\/product_brand?post=1623"},{"taxonomy":"product_cat","embeddable":true,"href":"https:\/\/scandiso.pl\/index.php\/wp-json\/wp\/v2\/product_cat?post=1623"},{"taxonomy":"product_tag","embeddable":true,"href":"https:\/\/scandiso.pl\/index.php\/wp-json\/wp\/v2\/product_tag?post=1623"}],"curies":[{"name":"wp","href":"https:\/\/api.w.org\/{rel}","templated":true}]}}