{"id":5448,"date":"2025-10-07T10:07:04","date_gmt":"2025-10-07T08:07:04","guid":{"rendered":"http:\/\/serwer372429.lh.pl\/autoinstalator\/serwer372429.lh.pl\/wordpress128121\/index.php\/product\/zestaw-toaletka-marina-2s-kaszmir\/"},"modified":"2026-04-17T02:48:49","modified_gmt":"2026-04-17T00:48:49","slug":"zestaw-toaletka-marina-2s-kaszmir","status":"publish","type":"product","link":"https:\/\/scandiso.pl\/index.php\/product\/zestaw-toaletka-marina-2s-kaszmir\/","title":{"rendered":"Zestaw Toaletka Marina 2S KASZMIR"},"content":{"rendered":"<p><strong>ELEGANCKA TOALETKA Z LUSTREM I DEDYKOWANYM O\u015aWIETLENIEM<\/strong><\/p>\n<p>\t<strong>SERIA: MARINA<\/strong><\/p>\n<p>\t<strong>MODEL: MARINA 2S<\/strong><\/p>\n<p>\t<strong>KOLOR: KASZMIR<\/strong><\/p>\n<p>\t<b>Ekskluzywny i elegancki odcie\u0144 be\u017cu<\/b><\/p>\n<p>\tPrzedstawiamy nasz\u0105 najnowsz\u0105 per\u0142\u0119 w koronie &#8211; toaletk\u0119, kt&oacute;ra \u0142\u0105czy w sobie elegancj\u0119, funkcjonalno\u015b\u0107 i nowoczesny design.<\/p>\n<p>\tToaletka z lustrem i o\u015bwietleniem LED to idealny mebel dla os&oacute;b, kt&oacute;re ceni\u0105 sobie komfort oraz pi\u0119kno swojego otoczenia. Przemy\u015blana konstrukcja pozwala na wygodne przechowywanie kosmetyk&oacute;w i bi\u017cuterii, a tak\u017ce mo\u017ce funkcjonowa\u0107 jako praktyczne biurko.<\/p>\n<p>\tNowoczesny wygl\u0105d w modnym, ale wci\u0105\u017c unikalnym kolorze <b>Kaszmir<\/b> &ndash; odcieniu be\u017cu, kt&oacute;ry dodaje wn\u0119trzu elegancji i wyj\u0105tkowo\u015bci.<\/p>\n<ul>\n<li>\n\t\t    Toaletka s\u0142u\u017cy zar&oacute;wno jako miejsce do przygotowania makija\u017cu i innych zabieg&oacute;w piel\u0119gnacyjnych, jak i funkcjonalne biurko.<\/li>\n<li>\n\t\t    2 pojemne szuflady<\/li>\n<li>\n\t\t    Lustro wyposa\u017cone w energooszcz\u0119dne o\u015bwietlenie LED, kt&oacute;re zapewnia idealne warunki do makija\u017cu i piel\u0119gnacji twarzy.<\/li>\n<li>\n\t\t    O\u015bwietlenie dla wygody u\u017cytkownika wyposa\u017cone jest we w\u0142\u0105cznik.<\/li>\n<li>\n\t\t    Bezuchwytowe fronty szuflad zapewniaj\u0105 wygodne u\u017cytkowanie i podkre\u015bl\u0105 modernistyczny charakter wn\u0119trza.<\/li>\n<li>\n\t\t    Bardzo dobra jako\u015b\u0107 wykonania<\/li>\n<li>\n\t\t    Polski producent<\/li>\n<\/ul>\n<p><strong>MATERIA\u0141:<\/strong><\/p>\n<p>\tP\u0142yta wi&oacute;rowa laminowana o grubo\u015bci 16 mm.<\/p>\n<p>\tO\u015bwietlenie &#8211; dedykowanie \u017car&oacute;wki LED wraz z okablowaniem, zasilaczem i w\u0142\u0105cznikiem.<\/p>\n<p>\tSzuflady &ndash; na prowadnicach rolkowych to gwarancja wygodnego, a przede wszystkim bezpiecznego u\u017cytkowania.<\/p>\n<p>\t<strong>WYMIARY BIURKA 2S:<\/strong><\/p>\n<p>\tG\u0142\u0119boko\u015b\u0107: 50 cm<\/p>\n<p>\tSzeroko\u015b\u0107: 81 cm<\/p>\n<p>\tWysoko\u015b\u0107: 80 cm<\/p>\n<p>\t<strong>WYMIARY LUSTRA MARINA:<\/strong><\/p>\n<p>\tSzeroko\u015b\u0107: 80 cm<\/p>\n<p>\tWysoko\u015b\u0107: 70 cm<\/p>\n<p>\t<strong>U\u017cytkowanie:<\/strong><\/p>\n<p>\tPowierzchni\u0119 mebla czy\u015bci\u0107 przy pomocy mi\u0119kkiej szmatki. Unika\u0107 stosowania silnie dzia\u0142aj\u0105cych \u015brodk&oacute;w chemicznych.<\/p>\n<p>\t<strong>W opakowaniu:<\/strong><\/p>\n<p>\tInstrukcja monta\u017cu wraz ze wszystkimi potrzebnymi akcesoriami monta\u017cowymi.<\/p>\n<p>\tMeble s\u0105 fabrycznie zapakowane do samodzielnego monta\u017cu.<\/p>\n<p>\t<em><strong data-end=\"82\" data-start=\"67\">Informacja:<\/strong><\/em><\/p>\n<p>\n\t<em>Dok\u0142adamy wszelkich stara\u0144, aby kolory mebli prezentowane na zdj\u0119ciach by\u0142y odwzorowane mo\u017cliwie jak najdok\u0142adniej. Nale\u017cy jednak pami\u0119ta\u0107, \u017ce ich odbi&oacute;r mo\u017ce si\u0119 r&oacute;\u017cni\u0107 w zale\u017cno\u015bci od indywidualnych ustawie\u0144 monitora lub ekranu (takich jak jasno\u015b\u0107, kontrast, temperatura barwowa czy technologia wy\u015bwietlania). Rzeczywisty odcie\u0144 produktu mo\u017ce si\u0119 tak\u017ce r&oacute;\u017cni\u0107 w zale\u017cno\u015bci od warunk&oacute;w o\u015bwietleniowych.<br data-end=\"491\" data-is-only-node=\"\" data-start=\"488\" \/><br \/>\n\tEwentualne r&oacute;\u017cnice kolorystyczne nie wynikaj\u0105 z wady produktu.<\/em><\/p>\n","protected":false},"excerpt":{"rendered":"<p><strong>MATERIA\u0141:<\/strong><\/p>\n<p>\tP\u0142yta wi&oacute;rowa laminowana o grubo\u015bci 16 mm.<\/p>\n<p>\tO\u015bwietlenie &#8211; dedykowanie \u017car&oacute;wki LED wraz z okablowaniem, zasilaczem i w\u0142\u0105cznikiem.<\/p>\n<p>\tSzuflady &ndash; na prowadnicach rolkowych to gwarancja wygodnego, a przede wszystkim bezpiecznego u\u017cytkowania.<\/p>\n<p>\t<strong>WYMIARY BIURKA 2S:<\/strong><\/p>\n<p>\tG\u0142\u0119boko\u015b\u0107: 50 cm<\/p>\n<p>\tSzeroko\u015b\u0107: 81 cm<\/p>\n<p>\tWysoko\u015b\u0107: 80 cm<\/p>\n<p>\t<strong>WYMIARY LUSTRA MARINA:<\/strong><\/p>\n<p>\tSzeroko\u015b\u0107: 80 cm<\/p>\n<p>\tWysoko\u015b\u0107: 70 cm<\/p>\n<p>\t<strong>U\u017cytkowanie:<\/strong><\/p>\n<p>\tPowierzchni\u0119 mebla czy\u015bci\u0107 przy pomocy mi\u0119kkiej szmatki. Unika\u0107 stosowania silnie dzia\u0142aj\u0105cych \u015brodk&oacute;w chemicznych.<\/p>\n<p>\t<strong>W opakowaniu:<\/strong><\/p>\n<p>\tInstrukcja monta\u017cu wraz ze wszystkimi potrzebnymi akcesoriami monta\u017cowymi.<\/p>\n<p>\tMeble s\u0105 fabrycznie zapakowane do samodzielnego monta\u017cu.<\/p>\n<p>\t<em><strong data-end=\"82\" data-start=\"67\">Informacja:<\/strong><\/em><\/p>\n<p>\n\t<em>Dok\u0142adamy wszelkich stara\u0144, aby kolory mebli prezentowane na zdj\u0119ciach by\u0142y odwzorowane mo\u017cliwie jak najdok\u0142adniej. Nale\u017cy jednak pami\u0119ta\u0107, \u017ce ich odbi&oacute;r mo\u017ce si\u0119 r&oacute;\u017cni\u0107 w zale\u017cno\u015bci od indywidualnych ustawie\u0144 monitora lub ekranu (takich jak jasno\u015b\u0107, kontrast, temperatura barwowa czy technologia wy\u015bwietlania). Rzeczywisty odcie\u0144 produktu mo\u017ce si\u0119 tak\u017ce r&oacute;\u017cni\u0107 w zale\u017cno\u015bci od warunk&oacute;w o\u015bwietleniowych.<br data-end=\"491\" data-is-only-node=\"\" data-start=\"488\" \/><br \/>\n\tEwentualne r&oacute;\u017cnice kolorystyczne nie wynikaj\u0105 z wady produktu.<\/em><\/p>\n","protected":false},"featured_media":5449,"template":"","meta":[],"product_brand":[64],"product_cat":[53],"product_tag":[],"class_list":{"0":"post-5448","1":"product","2":"type-product","3":"status-publish","4":"has-post-thumbnail","6":"product_brand-topeshop","7":"product_cat-toaletki","9":"first","10":"instock","11":"taxable","12":"shipping-taxable","13":"purchasable","14":"product-type-simple"},"_links":{"self":[{"href":"https:\/\/scandiso.pl\/index.php\/wp-json\/wp\/v2\/product\/5448","targetHints":{"allow":["GET"]}}],"collection":[{"href":"https:\/\/scandiso.pl\/index.php\/wp-json\/wp\/v2\/product"}],"about":[{"href":"https:\/\/scandiso.pl\/index.php\/wp-json\/wp\/v2\/types\/product"}],"wp:featuredmedia":[{"embeddable":true,"href":"https:\/\/scandiso.pl\/index.php\/wp-json\/wp\/v2\/media\/5449"}],"wp:attachment":[{"href":"https:\/\/scandiso.pl\/index.php\/wp-json\/wp\/v2\/media?parent=5448"}],"wp:term":[{"taxonomy":"product_brand","embeddable":true,"href":"https:\/\/scandiso.pl\/index.php\/wp-json\/wp\/v2\/product_brand?post=5448"},{"taxonomy":"product_cat","embeddable":true,"href":"https:\/\/scandiso.pl\/index.php\/wp-json\/wp\/v2\/product_cat?post=5448"},{"taxonomy":"product_tag","embeddable":true,"href":"https:\/\/scandiso.pl\/index.php\/wp-json\/wp\/v2\/product_tag?post=5448"}],"curies":[{"name":"wp","href":"https:\/\/api.w.org\/{rel}","templated":true}]}}