{"id":5750,"date":"2025-09-26T08:40:48","date_gmt":"2025-09-26T06:40:48","guid":{"rendered":"https:\/\/scandiso.pl\/index.php\/product\/zestaw-biurko-regal-cosmo-dab-artisan\/"},"modified":"2026-04-17T16:56:27","modified_gmt":"2026-04-17T14:56:27","slug":"zestaw-biurko-regal-cosmo-dab-artisan","status":"publish","type":"product","link":"https:\/\/scandiso.pl\/index.php\/product\/zestaw-biurko-regal-cosmo-dab-artisan\/","title":{"rendered":"Zestaw Biurko + Rega\u0142 COSMO D\u0104B ARTISAN"},"content":{"rendered":"<p><strong>BIURKO Z REGA\u0141EM COSMO &#8211; FUNKCJONALNA PRZESTRZE\u0143 DO PRACY I PRZECHOWYWANIA<\/strong><\/p>\n<p>\t<b>MODEL: COSMO<\/b><\/p>\n<p>\t<strong>Kolor: D\u0104B ARTISAN<\/strong><\/p>\n<p>\t<strong>Konstrukcja: Biurko z wysokim rega\u0142em i szuflad\u0105<\/strong><\/p>\n<p>\t<strong>Styl: Nowoczesny, minimalistyczny<\/strong><\/p>\n<p>\t<strong>Przemy\u015blane rozwi\u0105zanie 2w1 &ndash; biurko i rega\u0142 z zamykanym schowkiem<\/strong><\/p>\n<p>\t\tBiurko COSMO to praktyczne i kompaktowe rozwi\u0105zanie dla os&oacute;b poszukuj\u0105cych wygodnego miejsca do pracy lub nauki, kt&oacute;re jednocze\u015bnie zapewnia funkcjonalne przechowywanie. Mebel doskonale sprawdzi si\u0119 w pokoju m\u0142odzie\u017cowym, domowym gabinecie czy pracowni.<\/p>\n<p>\t\tZintegrowany rega\u0142 wyposa\u017cono w cz\u0119\u015b\u0107 zamykan\u0105 drzwiami, za kt&oacute;rymi znajduj\u0105 si\u0119 trzy pojemne p&oacute;\u0142ki, a tak\u017ce w szuflad\u0119 oraz p&oacute;\u0142ki otwarte, dzi\u0119ki czemu z \u0142atwo\u015bci\u0105 posegregujesz wszystkie potrzebne rzeczy &ndash; od ksi\u0105\u017cek i dokument&oacute;w po drobiazgi.<\/p>\n<p data-end=\"854\" data-start=\"658\">\n\t\t<strong>G\u0142&oacute;wne zalety zestawu COSMO:<\/strong><\/p>\n<ul>\n<li>\n\t\t<strong>Zabudowany rega\u0142 z drzwiami<\/strong> &ndash; 4 ukryte p&oacute;\u0142ki na dokumenty, materia\u0142y biurowe lub mniej estetyczne elementy<\/li>\n<li>\n\t\t<strong>Otwarte p&oacute;\u0142ki <\/strong>&ndash; \u0142atwy dost\u0119p do najcz\u0119\u015bciej u\u017cywanych rzeczy<\/li>\n<li>\n\t\t<strong>Funkcjonalna szuflada dolna<\/strong> &ndash; na drobiazgi, zeszyty lub akcesoria<\/li>\n<li>\n\t\t<strong>Szeroki blat roboczy <\/strong>&ndash; komfortowa przestrze\u0144 do pracy z laptopem lub notatkami<\/li>\n<li>\n\t\t<strong>Nowoczesna, kompaktowa form<\/strong>a &ndash; \u015bwietnie sprawdzi si\u0119 nawet w mniejszych pomieszczeniach<\/li>\n<li>\n\t\t<strong>Minimalistyczne uchwyty i forma<\/strong> &ndash; dopasowane do wielu styl&oacute;w wn\u0119trz<\/li>\n<\/ul>\n<p data-end=\"1340\" data-start=\"1259\">\n\tBiurko COSMO to idealna propozycja dla os&oacute;b ceni\u0105cych ergonomi\u0119, nowoczesny styl oraz porz\u0105dek w miejscu pracy lub nauki. Funkcjonalny rega\u0142 i szeroki blat roboczy sprawiaj\u0105, \u017ce z \u0142atwo\u015bci\u0105 stworzysz wygodn\u0105 stref\u0119 do dzia\u0142ania &ndash; nawet w niewielkim pokoju.<\/p>\n<p><strong data-end=\"1374\" data-start=\"1351\">Wymiary ca\u0142kowite:<\/strong><\/p>\n<ul data-end=\"1502\" data-start=\"1377\">\n<li data-end=\"1413\" data-start=\"1377\">\n<p>\t\t\t<strong data-end=\"1402\" data-start=\"1379\">Wysoko\u015b\u0107:<\/strong> 140 cm\n\t<\/li>\n<li data-end=\"1477\" data-start=\"1414\">\n<p>\t\t\t<strong data-end=\"1440\" data-start=\"1416\">Szeroko\u015b\u0107:<\/strong> 143 cm\n\t<\/li>\n<li data-end=\"1502\" data-start=\"1478\">\n<p>\t\t\t<strong data-end=\"1494\" data-start=\"1480\">G\u0142\u0119boko\u015b\u0107:<\/strong> 50 cm\n\t<\/li>\n<\/ul>\n<p>\t<strong data-end=\"1536\" data-start=\"1508\">Wymiary blatu roboczego:<\/strong><\/p>\n<ul data-end=\"1599\" data-start=\"1539\">\n<li data-end=\"1564\" data-start=\"1539\">\n<p>\t\t\t<strong data-end=\"1555\" data-start=\"1541\">Szeroko\u015b\u0107:<\/strong> 115 cm\n\t<\/li>\n<li data-end=\"1564\" data-start=\"1539\">\n<p>\t\t\t<strong>G\u0142\u0119boko\u015b\u0107:<\/strong> 50 cm\n\t<\/li>\n<li data-end=\"1599\" data-start=\"1565\">\n<p>\t\t\t<strong data-end=\"1591\" data-start=\"1567\">Wysoko\u015b\u0107 od pod\u0142ogi do blatu:<\/strong> 75 cm\n\t<\/li>\n<\/ul>\n<p>\t<strong data-end=\"1624\" data-start=\"1605\">Wymiary rega\u0142u:<\/strong><\/p>\n<ul data-end=\"1918\" data-start=\"1627\">\n<li data-end=\"1651\" data-start=\"1627\">\n<p>\t\t\t<strong data-end=\"1643\" data-start=\"1629\">Szeroko\u015b\u0107:<\/strong> 50 cm\n\t<\/li>\n<li data-end=\"1678\" data-start=\"1652\">\n<p>\t\t\t<strong data-end=\"1667\" data-start=\"1654\">Wysoko\u015b\u0107:<\/strong> 140 cm\n\t<\/li>\n<li data-end=\"1705\" data-start=\"1679\">\n<p>\t\t\t<strong data-end=\"1695\" data-start=\"1681\">G\u0142\u0119boko\u015b\u0107:<\/strong> 42 cm\n\t<\/li>\n<li data-end=\"1758\" data-start=\"1706\">\n<p>\t\t\t<strong data-end=\"1744\" data-start=\"1708\">Wysoko\u015b\u0107 pojedynczej p&oacute;\u0142ki (3x):<\/strong> ok. 26,8 cm\n\t<\/li>\n<li data-end=\"1758\" data-start=\"1706\">\n<p>\t\t\t<strong data-end=\"1782\" data-start=\"1761\">Wymiary szuflady:<\/strong><\/p>\n<ul data-end=\"1918\" data-start=\"1787\">\n<li data-end=\"1816\" data-start=\"1787\">\n<p data-end=\"1816\" data-start=\"1789\">\n\t\t\t\t\tSzeroko\u015b\u0107 frontu: 49,5 cm<\/p>\n<\/li>\n<li data-end=\"1847\" data-start=\"1819\">\n<p data-end=\"1847\" data-start=\"1821\">\n\t\t\t\t\tWysoko\u015b\u0107 frontu: 19,5 cm<\/p>\n<\/li>\n<li data-end=\"1883\" data-start=\"1850\">\n<p data-end=\"1883\" data-start=\"1852\">\n\t\t\t\t\tG\u0142\u0119boko\u015b\u0107 wewn\u0119trzna: 33,3 cm<\/p>\n<\/li>\n<li data-end=\"1918\" data-start=\"1886\">\n<p data-end=\"1918\" data-start=\"1888\">\n\t\t\t\t\tWysoko\u015b\u0107 wewn\u0119trzna: 11,5 cm<\/p>\n<\/li>\n<li data-end=\"1918\" data-start=\"1886\">\n<p data-end=\"1918\" data-start=\"1888\">\n\t\t\t\t\tSzeroko\u015b\u0107 wewn\u0119trzna: 40,9 cm<\/p>\n<\/li>\n<\/ul>\n<\/li>\n<\/ul>\n<p>\t<strong data-end=\"1954\" data-start=\"1929\">Materia\u0142 i wykonanie:<\/strong><\/p>\n<ul>\n<li data-end=\"1956\" data-start=\"1925\">\n\t\tKorpus: p\u0142yta wi&oacute;rowa laminowana 16 mm<\/li>\n<li>\n\t\tUchwyty: plastikowe, kolor czarny<\/li>\n<li>\n\t\tSzuflady: Na prowadnicach rolkowych &mdash; gwarancja p\u0142ynnego i bezpiecznego u\u017cytkowania<\/li>\n<\/ul>\n<p data-end=\"1999\" data-start=\"1959\">\n\t<strong data-end=\"1954\" data-start=\"1929\">Monta\u017c i piel\u0119gnacja:<\/strong><\/p>\n<ul>\n<li data-end=\"1999\" data-start=\"1959\">\n\t\tProdukt dostarczany w paczkach do samodzielnego monta\u017cu<\/li>\n<li>\n\t\tW zestawie: instrukcja monta\u017cu i wszystkie akcesoria<\/li>\n<li>\n\t\tCzyszczenie: mi\u0119kka, wilgotna \u015bciereczka, bez agresywnych detergent&oacute;w<\/li>\n<\/ul>\n<p data-end=\"1999\" data-start=\"1959\">\n\t<em><strong data-end=\"82\" data-start=\"67\">Informacja:<\/strong><\/em><\/p>\n<p>\n\t<em>Dok\u0142adamy wszelkich stara\u0144, aby kolory mebli prezentowane na zdj\u0119ciach by\u0142y odwzorowane mo\u017cliwie jak najdok\u0142adniej. Nale\u017cy jednak pami\u0119ta\u0107, \u017ce ich odbi&oacute;r mo\u017ce si\u0119 r&oacute;\u017cni\u0107 w zale\u017cno\u015bci od indywidualnych ustawie\u0144 monitora lub ekranu (takich jak jasno\u015b\u0107, kontrast, temperatura barwowa czy technologia wy\u015bwietlania). Rzeczywisty odcie\u0144 produktu mo\u017ce si\u0119 tak\u017ce r&oacute;\u017cni\u0107 w zale\u017cno\u015bci od warunk&oacute;w o\u015bwietleniowych.<br data-end=\"491\" data-is-only-node=\"\" data-start=\"488\" \/><br \/>\n\tEwentualne r&oacute;\u017cnice kolorystyczne nie wynikaj\u0105 z wady produktu.<\/em><\/p>\n","protected":false},"excerpt":{"rendered":"<p><strong data-end=\"1374\" data-start=\"1351\">Wymiary ca\u0142kowite:<\/strong><\/p>\n<ul data-end=\"1502\" data-start=\"1377\">\n<li data-end=\"1413\" data-start=\"1377\">\n<p>\t\t\t<strong data-end=\"1402\" data-start=\"1379\">Wysoko\u015b\u0107:<\/strong> 140 cm\n\t<\/li>\n<li data-end=\"1477\" data-start=\"1414\">\n<p>\t\t\t<strong data-end=\"1440\" data-start=\"1416\">Szeroko\u015b\u0107:<\/strong> 143 cm\n\t<\/li>\n<li data-end=\"1502\" data-start=\"1478\">\n<p>\t\t\t<strong data-end=\"1494\" data-start=\"1480\">G\u0142\u0119boko\u015b\u0107:<\/strong> 50 cm\n\t<\/li>\n<\/ul>\n<p>\t<strong data-end=\"1536\" data-start=\"1508\">Wymiary blatu roboczego:<\/strong><\/p>\n<ul data-end=\"1599\" data-start=\"1539\">\n<li data-end=\"1564\" data-start=\"1539\">\n<p>\t\t\t<strong data-end=\"1555\" data-start=\"1541\">Szeroko\u015b\u0107:<\/strong> 115 cm\n\t<\/li>\n<li data-end=\"1564\" data-start=\"1539\">\n<p>\t\t\t<strong>G\u0142\u0119boko\u015b\u0107:<\/strong> 50 cm\n\t<\/li>\n<li data-end=\"1599\" data-start=\"1565\">\n<p>\t\t\t<strong data-end=\"1591\" data-start=\"1567\">Wysoko\u015b\u0107 od pod\u0142ogi do blatu:<\/strong> 75 cm\n\t<\/li>\n<\/ul>\n<p>\t<strong data-end=\"1624\" data-start=\"1605\">Wymiary rega\u0142u:<\/strong><\/p>\n<ul data-end=\"1918\" data-start=\"1627\">\n<li data-end=\"1651\" data-start=\"1627\">\n<p>\t\t\t<strong data-end=\"1643\" data-start=\"1629\">Szeroko\u015b\u0107:<\/strong> 50 cm\n\t<\/li>\n<li data-end=\"1678\" data-start=\"1652\">\n<p>\t\t\t<strong data-end=\"1667\" data-start=\"1654\">Wysoko\u015b\u0107:<\/strong> 140 cm\n\t<\/li>\n<li data-end=\"1705\" data-start=\"1679\">\n<p>\t\t\t<strong data-end=\"1695\" data-start=\"1681\">G\u0142\u0119boko\u015b\u0107:<\/strong> 42 cm\n\t<\/li>\n<li data-end=\"1758\" data-start=\"1706\">\n<p>\t\t\t<strong data-end=\"1744\" data-start=\"1708\">Wysoko\u015b\u0107 pojedynczej p&oacute;\u0142ki (3x):<\/strong> ok. 26,8 cm\n\t<\/li>\n<li data-end=\"1758\" data-start=\"1706\">\n<p>\t\t\t<strong data-end=\"1782\" data-start=\"1761\">Wymiary szuflady:<\/strong><\/p>\n<ul data-end=\"1918\" data-start=\"1787\">\n<li data-end=\"1816\" data-start=\"1787\">\n<p data-end=\"1816\" data-start=\"1789\">\n\t\t\t\t\tSzeroko\u015b\u0107 frontu: 49,5 cm<\/p>\n<\/li>\n<li data-end=\"1847\" data-start=\"1819\">\n<p data-end=\"1847\" data-start=\"1821\">\n\t\t\t\t\tWysoko\u015b\u0107 frontu: 19,5 cm<\/p>\n<\/li>\n<li data-end=\"1883\" data-start=\"1850\">\n<p data-end=\"1883\" data-start=\"1852\">\n\t\t\t\t\tG\u0142\u0119boko\u015b\u0107 wewn\u0119trzna: 33,3 cm<\/p>\n<\/li>\n<li data-end=\"1918\" data-start=\"1886\">\n<p data-end=\"1918\" data-start=\"1888\">\n\t\t\t\t\tWysoko\u015b\u0107 wewn\u0119trzna: 11,5 cm<\/p>\n<\/li>\n<li data-end=\"1918\" data-start=\"1886\">\n<p data-end=\"1918\" data-start=\"1888\">\n\t\t\t\t\tSzeroko\u015b\u0107 wewn\u0119trzna: 40,9 cm<\/p>\n<\/li>\n<\/ul>\n<\/li>\n<\/ul>\n<p>\t<strong data-end=\"1954\" data-start=\"1929\">Materia\u0142 i wykonanie:<\/strong><\/p>\n<ul>\n<li data-end=\"1956\" data-start=\"1925\">\n\t\tKorpus: p\u0142yta wi&oacute;rowa laminowana 16 mm<\/li>\n<li>\n\t\tUchwyty: plastikowe, kolor czarny<\/li>\n<li>\n\t\tSzuflady: Na prowadnicach rolkowych &mdash; gwarancja p\u0142ynnego i bezpiecznego u\u017cytkowania<\/li>\n<\/ul>\n<p data-end=\"1999\" data-start=\"1959\">\n\t<strong data-end=\"1954\" data-start=\"1929\">Monta\u017c i piel\u0119gnacja:<\/strong><\/p>\n<ul>\n<li data-end=\"1999\" data-start=\"1959\">\n\t\tProdukt dostarczany w paczkach do samodzielnego monta\u017cu<\/li>\n<li>\n\t\tW zestawie: instrukcja monta\u017cu i wszystkie akcesoria<\/li>\n<li>\n\t\tCzyszczenie: mi\u0119kka, wilgotna \u015bciereczka, bez agresywnych detergent&oacute;w<\/li>\n<\/ul>\n<p data-end=\"1999\" data-start=\"1959\">\n\t<em><strong data-end=\"82\" data-start=\"67\">Informacja:<\/strong><\/em><\/p>\n<p>\n\t<em>Dok\u0142adamy wszelkich stara\u0144, aby kolory mebli prezentowane na zdj\u0119ciach by\u0142y odwzorowane mo\u017cliwie jak najdok\u0142adniej. Nale\u017cy jednak pami\u0119ta\u0107, \u017ce ich odbi&oacute;r mo\u017ce si\u0119 r&oacute;\u017cni\u0107 w zale\u017cno\u015bci od indywidualnych ustawie\u0144 monitora lub ekranu (takich jak jasno\u015b\u0107, kontrast, temperatura barwowa czy technologia wy\u015bwietlania). Rzeczywisty odcie\u0144 produktu mo\u017ce si\u0119 tak\u017ce r&oacute;\u017cni\u0107 w zale\u017cno\u015bci od warunk&oacute;w o\u015bwietleniowych.<br data-end=\"491\" data-is-only-node=\"\" data-start=\"488\" \/><br \/>\n\tEwentualne r&oacute;\u017cnice kolorystyczne nie wynikaj\u0105 z wady produktu.<\/em><\/p>\n","protected":false},"featured_media":5751,"template":"","meta":[],"product_brand":[64],"product_cat":[36],"product_tag":[],"class_list":{"0":"post-5750","1":"product","2":"type-product","3":"status-publish","4":"has-post-thumbnail","6":"product_brand-topeshop","7":"product_cat-biurka","9":"first","10":"instock","11":"taxable","12":"shipping-taxable","13":"purchasable","14":"product-type-simple"},"_links":{"self":[{"href":"https:\/\/scandiso.pl\/index.php\/wp-json\/wp\/v2\/product\/5750","targetHints":{"allow":["GET"]}}],"collection":[{"href":"https:\/\/scandiso.pl\/index.php\/wp-json\/wp\/v2\/product"}],"about":[{"href":"https:\/\/scandiso.pl\/index.php\/wp-json\/wp\/v2\/types\/product"}],"wp:featuredmedia":[{"embeddable":true,"href":"https:\/\/scandiso.pl\/index.php\/wp-json\/wp\/v2\/media\/5751"}],"wp:attachment":[{"href":"https:\/\/scandiso.pl\/index.php\/wp-json\/wp\/v2\/media?parent=5750"}],"wp:term":[{"taxonomy":"product_brand","embeddable":true,"href":"https:\/\/scandiso.pl\/index.php\/wp-json\/wp\/v2\/product_brand?post=5750"},{"taxonomy":"product_cat","embeddable":true,"href":"https:\/\/scandiso.pl\/index.php\/wp-json\/wp\/v2\/product_cat?post=5750"},{"taxonomy":"product_tag","embeddable":true,"href":"https:\/\/scandiso.pl\/index.php\/wp-json\/wp\/v2\/product_tag?post=5750"}],"curies":[{"name":"wp","href":"https:\/\/api.w.org\/{rel}","templated":true}]}}