{"id":6430,"date":"2025-11-14T23:12:48","date_gmt":"2025-11-14T22:12:48","guid":{"rendered":"https:\/\/scandiso.pl\/index.php\/product\/toaletka-kosmetyczna-wiszaca-mika-110-cm-2-szuflady-do-sypialni-biala\/"},"modified":"2026-04-17T18:47:08","modified_gmt":"2026-04-17T16:47:08","slug":"toaletka-kosmetyczna-wiszaca-mika-110-cm-2-szuflady-do-sypialni-biala","status":"publish","type":"product","link":"https:\/\/scandiso.pl\/index.php\/product\/toaletka-kosmetyczna-wiszaca-mika-110-cm-2-szuflady-do-sypialni-biala\/","title":{"rendered":"Toaletka Kosmetyczna Wisz\u0105ca MIKA 110 cm 2 Szuflady Do Sypialni BIA\u0141A"},"content":{"rendered":"<div>\n\t<span style=\"font-size:24px\"><span style=\"color:#b22222\"><strong><span style=\"font-family:arial,helvetica,sans-serif\">ELEGANCKA TOALETKA WISZ\u0104CA Z 2 SZUFLADAMI<\/span><\/strong><\/span><\/span><\/div>\n<div>\n\t<span style=\"font-size:24px\"><span style=\"color:#b22222\"><strong><span style=\"font-family:arial,helvetica,sans-serif\">MODEL: MIKA<\/span><\/strong><\/span><\/span><\/div>\n<div>\n\t<span style=\"font-size:22px\"><span style=\"color:#b22222\"><strong><span style=\"font-family:arial,helvetica,sans-serif\">KOLOR: BIA\u0141Y<\/span><\/strong><\/span><\/span><\/div>\n<div>\n\t&nbsp;<\/div>\n<div>\n\t<span style=\"font-size:16px\"><span style=\"font-family:arial,helvetica,sans-serif\">Szukasz praktycznego i stylowego rozwi\u0105zania do przechowywania kosmetyk&oacute;w lub dodatk&oacute;w? Toaletka wisz\u0105ca MIKA w kolorze bia\u0142ym \u0142\u0105czy minimalistyczn\u0105 form\u0119 z funkcjonalno\u015bci\u0105 &ndash; sprawdzi si\u0119 doskonale w sypialni, garderobie czy \u0142azience.<\/span><\/span><\/div>\n<div>\n\t&nbsp;<\/div>\n<div>\n\t<strong><span style=\"color:#b22222\"><span style=\"font-size:16px\"><span style=\"font-family:arial,helvetica,sans-serif\">G\u0141&Oacute;WNE CECHY MEBLA:<\/span><\/span><\/span><\/strong><\/div>\n<ul>\n<li>\n\t\t<span style=\"font-size:16px\"><span style=\"font-family:arial,helvetica,sans-serif\">Nowoczesny design &ndash; prosta bry\u0142a i g\u0142adki bia\u0142y front idealnie wpisz\u0105 si\u0119 w modne, jasne wn\u0119trza<\/span><\/span><\/li>\n<li>\n\t\t<span style=\"font-size:16px\"><span style=\"font-family:arial,helvetica,sans-serif\">Dwie pojemne szuflady &ndash; na prowadnicach rolkowych, u\u0142atwiaj\u0105cych codzienne u\u017cytkowanie<\/span><\/span><\/li>\n<li>\n\t\t<span style=\"font-size:16px\"><span style=\"font-family:arial,helvetica,sans-serif\">Wysoka jako\u015b\u0107 wykonania &ndash; mebel z solidnej p\u0142yty laminowanej o grubo\u015bci 16 mm<\/span><\/span><\/li>\n<li>\n\t\t<span style=\"font-size:16px\"><span style=\"font-family:arial,helvetica,sans-serif\">Monta\u017c wisz\u0105cy &ndash; oszcz\u0119dno\u015b\u0107 miejsca i lekko\u015b\u0107 formy<\/span><\/span><\/li>\n<li>\n\t\t<span style=\"font-size:16px\"><span style=\"font-family:arial,helvetica,sans-serif\">Dopuszczalne obci\u0105\u017cenie &ndash; do 10 kg<\/span><\/span><\/li>\n<\/ul>\n<div>\n\t&nbsp;<\/div>\n","protected":false},"excerpt":{"rendered":"<div>\n\t<strong><span style=\"font-size: 16px\"><span style=\"font-family: arial, helvetica, sans-serif\">MATERIA\u0141:<\/span><\/span><\/strong><\/div>\n<ul>\n<li>\n\t\t<span style=\"font-size: 16px\"><span style=\"font-family: arial, helvetica, sans-serif\">P\u0142yta wi&oacute;rowa laminowana o grubo\u015bci 16 mm.<\/span><\/span><\/li>\n<li>\n\t\t<span style=\"font-size: 16px\"><span style=\"font-family: arial, helvetica, sans-serif\">Szuflady &ndash; na prowadnicach rolkowych to gwarancja wygodnego, a przede wszystkim bezpiecznego u\u017cytkowania.<\/span><\/span><\/li>\n<\/ul>\n<div>\n\t&nbsp;<\/div>\n<div>\n\t<span style=\"color:#b22222\"><strong><span style=\"font-size:16px\"><span style=\"font-family:arial,helvetica,sans-serif\">WYMIARY TOALETKI:<\/span><\/span><\/strong><\/span><\/div>\n<ul>\n<li>\n\t\t<span style=\"font-size:16px\"><span style=\"font-family:arial,helvetica,sans-serif\">G\u0142\u0119boko\u015b\u0107: 40 cm<\/span><\/span><\/li>\n<li>\n\t\t<span style=\"font-size:16px\"><span style=\"font-family:arial,helvetica,sans-serif\">Szeroko\u015b\u0107: 110 cm<\/span><\/span><\/li>\n<li>\n\t\t<span style=\"font-size:16px\"><span style=\"font-family:arial,helvetica,sans-serif\">Wysoko\u015b\u0107: 20 cm<\/span><\/span><\/li>\n<\/ul>\n<div>\n\t&nbsp;<\/div>\n<div>\n\t<span style=\"font-size:16px\"><span style=\"font-family:arial,helvetica,sans-serif\">W zestawie nie ma ko\u0142k&oacute;w rozporowych &ndash; nale\u017cy dobra\u0107 je odpowiednio do rodzaju \u015bciany.<\/span><\/span><\/div>\n<div>\n\t&nbsp;<\/div>\n<div>\n\t<span style=\"color:#b22222\"><strong><span style=\"font-size:16px\"><span style=\"font-family:arial,helvetica,sans-serif\">U\u017cytkowanie:<\/span><\/span><\/strong><\/span><\/div>\n<div>\n\t<span style=\"font-family: arial, helvetica, sans-serif;font-size: 16px\">Powierzchni\u0119 mebla czy\u015bci\u0107 przy pomocy mi\u0119kkiej szmatki. Unika\u0107 stosowania silnie dzia\u0142aj\u0105cych \u015brodk&oacute;w chemicznych.<\/span><\/div>\n<div>\n\t&nbsp;<\/div>\n<div>\n\t<span style=\"color:#b22222\"><strong><span style=\"font-size:16px\"><span style=\"font-family:arial,helvetica,sans-serif\">W opakowaniu:<\/span><\/span><\/strong><\/span><\/div>\n<div>\n\t<span style=\"font-size:16px\"><span style=\"font-family:arial,helvetica,sans-serif\">Instrukcja monta\u017cu wraz ze wszystkimi potrzebnymi akcesoriami monta\u017cowymi.<\/span><\/span><\/div>\n<div>\n\t&nbsp;<\/div>\n<div>\n\t<span style=\"font-size:16px\"><span style=\"font-family:arial,helvetica,sans-serif\">Meble s\u0105 fabrycznie zapakowane do samodzielnego monta\u017cu.<\/span><\/span><\/div>\n<div>\n\t&nbsp;<\/div>\n<div>\n\t<span style=\"font-size:16px\"><span style=\"font-family:arial,helvetica,sans-serif\"><strong>Informacja: <\/strong>Dok\u0142adamy wszelkich stara\u0144, aby kolory mebli prezentowane na zdj\u0119ciach by\u0142y odwzorowane mo\u017cliwie jak najdok\u0142adniej. Nale\u017cy jednak pami\u0119ta\u0107, \u017ce ich odbi&oacute;r mo\u017ce si\u0119 r&oacute;\u017cni\u0107 w zale\u017cno\u015bci od indywidualnych ustawie\u0144 monitora lub ekranu (takich jak jasno\u015b\u0107, kontrast, temperatura barwowa czy technologia wy\u015bwietlania). Rzeczywisty odcie\u0144 produktu mo\u017ce si\u0119 tak\u017ce r&oacute;\u017cni\u0107 w zale\u017cno\u015bci od warunk&oacute;w o\u015bwietleniowych. Ewentualne r&oacute;\u017cnice kolorystyczne nie wynikaj\u0105 z wady produktu.<\/span><\/span><\/div>\n","protected":false},"featured_media":6417,"template":"","meta":[],"product_brand":[64],"product_cat":[53],"product_tag":[],"class_list":{"0":"post-6430","1":"product","2":"type-product","3":"status-publish","4":"has-post-thumbnail","6":"product_brand-topeshop","7":"product_cat-toaletki","9":"first","10":"instock","11":"taxable","12":"shipping-taxable","13":"purchasable","14":"product-type-simple"},"_links":{"self":[{"href":"https:\/\/scandiso.pl\/index.php\/wp-json\/wp\/v2\/product\/6430","targetHints":{"allow":["GET"]}}],"collection":[{"href":"https:\/\/scandiso.pl\/index.php\/wp-json\/wp\/v2\/product"}],"about":[{"href":"https:\/\/scandiso.pl\/index.php\/wp-json\/wp\/v2\/types\/product"}],"wp:featuredmedia":[{"embeddable":true,"href":"https:\/\/scandiso.pl\/index.php\/wp-json\/wp\/v2\/media\/6417"}],"wp:attachment":[{"href":"https:\/\/scandiso.pl\/index.php\/wp-json\/wp\/v2\/media?parent=6430"}],"wp:term":[{"taxonomy":"product_brand","embeddable":true,"href":"https:\/\/scandiso.pl\/index.php\/wp-json\/wp\/v2\/product_brand?post=6430"},{"taxonomy":"product_cat","embeddable":true,"href":"https:\/\/scandiso.pl\/index.php\/wp-json\/wp\/v2\/product_cat?post=6430"},{"taxonomy":"product_tag","embeddable":true,"href":"https:\/\/scandiso.pl\/index.php\/wp-json\/wp\/v2\/product_tag?post=6430"}],"curies":[{"name":"wp","href":"https:\/\/api.w.org\/{rel}","templated":true}]}}