{"id":7492,"date":"2025-11-15T00:19:27","date_gmt":"2025-11-14T23:19:27","guid":{"rendered":"https:\/\/scandiso.pl\/index.php\/product\/fotel-obrotowy-fd005-bialy\/"},"modified":"2026-04-15T13:18:57","modified_gmt":"2026-04-15T11:18:57","slug":"fotel-obrotowy-fd005-bialy","status":"publish","type":"product","link":"https:\/\/scandiso.pl\/index.php\/product\/fotel-obrotowy-fd005-bialy\/","title":{"rendered":"FOTEL OBROTOWY FD005 BIA\u0141Y"},"content":{"rendered":"<p>Oferujemy Pa\u0144stwu starannie wykonany fotel z tworzywa sztucznego, kt\u00f3re jest zwane polipropylem. Wymiary fotela pasuj\u0105 zar\u00f3wno dla m\u0142odszych os\u00f3b, m\u0142odzie\u017cy, jak i doros\u0142ych. Ten wyj\u0105tkowy model posiada k\u00f3\u0142ka sylikonowo-kauczukowe, kt\u00f3re zapobiegaj\u0105 rysowaniu si\u0119 powierzchni pod\u0142ogi, a tak\u017ce sprawiaj\u0105, \u017ce egzemplarz jest wyj\u0105tkowo cichy podczas poruszania si\u0119. Oparcie zosta\u0142o wyprofilowane w taki spos\u00f3b, aby zapewni\u0107 prawid\u0142ow\u0105 i korzystn\u0105 postaw\u0119 podczas siedzenia. D\u0142ugie godziny przed komputerem mog\u0105 by\u0107 bardzo m\u0119cz\u0105ce \u2014 ten model dba o nasz kr\u0119gos\u0142up, zosta\u0142 stworzony tak, \u017ce idealnie pasuje do biurka komputerowego. Wysoko\u015b\u0107 siedziska tego modelu mie\u015bci si\u0119 w przedziale 45 cm do 55 cm \u2014 gwarantuje to doskona\u0142e dopasowanie si\u0119 do wzrostu od 130 cm do a\u017c 185 cm. Gwarantujemy, \u017ce b\u0119d\u0105 Pa\u0144stwo zadowoleni z zakupu tego egzemplarza \u2014 ten fotel zachwyca zar\u00f3wno swoim \u015bwietnym wykonaniem, jak i niezwykle atrakcyjn\u0105 cen\u0105. Materia\u0142 jest \u0142atwy w utrzymaniu czysto\u015bci, a sam produkt niezwykle praktyczny i funkcjonalny.<\/p>\n","protected":false},"excerpt":{"rendered":"<p>Fotel dzieci\u0119cy do biurka z regulacj\u0105 wysoko\u015bci siedziska.<\/p>\n","protected":false},"featured_media":7480,"template":"","meta":[],"product_brand":[57],"product_cat":[35],"product_tag":[],"class_list":{"0":"post-7492","1":"product","2":"type-product","3":"status-publish","4":"has-post-thumbnail","6":"product_brand-akord-furniture-factory","7":"product_cat-krzesla-i-fotele","9":"first","10":"instock","11":"taxable","12":"shipping-taxable","13":"purchasable","14":"product-type-simple"},"_links":{"self":[{"href":"https:\/\/scandiso.pl\/index.php\/wp-json\/wp\/v2\/product\/7492","targetHints":{"allow":["GET"]}}],"collection":[{"href":"https:\/\/scandiso.pl\/index.php\/wp-json\/wp\/v2\/product"}],"about":[{"href":"https:\/\/scandiso.pl\/index.php\/wp-json\/wp\/v2\/types\/product"}],"wp:featuredmedia":[{"embeddable":true,"href":"https:\/\/scandiso.pl\/index.php\/wp-json\/wp\/v2\/media\/7480"}],"wp:attachment":[{"href":"https:\/\/scandiso.pl\/index.php\/wp-json\/wp\/v2\/media?parent=7492"}],"wp:term":[{"taxonomy":"product_brand","embeddable":true,"href":"https:\/\/scandiso.pl\/index.php\/wp-json\/wp\/v2\/product_brand?post=7492"},{"taxonomy":"product_cat","embeddable":true,"href":"https:\/\/scandiso.pl\/index.php\/wp-json\/wp\/v2\/product_cat?post=7492"},{"taxonomy":"product_tag","embeddable":true,"href":"https:\/\/scandiso.pl\/index.php\/wp-json\/wp\/v2\/product_tag?post=7492"}],"curies":[{"name":"wp","href":"https:\/\/api.w.org\/{rel}","templated":true}]}}