{"id":7559,"date":"2025-11-15T00:19:58","date_gmt":"2025-11-14T23:19:58","guid":{"rendered":"https:\/\/scandiso.pl\/index.php\/product\/fotel-obrotowy-fd-6-bialy-niebieski\/"},"modified":"2026-04-16T11:17:53","modified_gmt":"2026-04-16T09:17:53","slug":"fotel-obrotowy-fd-6-bialy-niebieski","status":"publish","type":"product","link":"https:\/\/scandiso.pl\/index.php\/product\/fotel-obrotowy-fd-6-bialy-niebieski\/","title":{"rendered":"FOTEL OBROTOWY FD-6 BIA\u0141Y \/ NIEBIESKI"},"content":{"rendered":"<p>Klasyczny styl i ponadczasowe walory u\u017cytkowe. To cechuje nasz fotel FD-6. Krzes\u0142o obrotowe stworzone zosta\u0142o z my\u015bl\u0105 o naszych pociechach a wymiary zosta\u0142y starannie dobrane aby odpowiada\u0142y dla ni\u017cszego wzrostu u\u017cytkownika. Idealnie sprawdza si\u0119 dla os\u00f3b do 165cm wzrostu. Oparcie fotela wykonane jest z mikro-siatki co pozwala na oddychanie plec\u00f3w &#8211; \u015bwietnie sprawdza si\u0119 szczeg\u00f3lnie latem gdy temperatury s\u0105 wysokie.<\/p>\n","protected":false},"excerpt":{"rendered":"<p>Dzieci\u0119cy fotel do biurka przeznaczony dla dzieci i m\u0142odzie\u017cy.<\/p>\n","protected":false},"featured_media":7544,"template":"","meta":[],"product_brand":[57],"product_cat":[35],"product_tag":[],"class_list":{"0":"post-7559","1":"product","2":"type-product","3":"status-publish","4":"has-post-thumbnail","6":"product_brand-akord-furniture-factory","7":"product_cat-krzesla-i-fotele","9":"first","10":"instock","11":"taxable","12":"shipping-taxable","13":"purchasable","14":"product-type-simple"},"_links":{"self":[{"href":"https:\/\/scandiso.pl\/index.php\/wp-json\/wp\/v2\/product\/7559","targetHints":{"allow":["GET"]}}],"collection":[{"href":"https:\/\/scandiso.pl\/index.php\/wp-json\/wp\/v2\/product"}],"about":[{"href":"https:\/\/scandiso.pl\/index.php\/wp-json\/wp\/v2\/types\/product"}],"wp:featuredmedia":[{"embeddable":true,"href":"https:\/\/scandiso.pl\/index.php\/wp-json\/wp\/v2\/media\/7544"}],"wp:attachment":[{"href":"https:\/\/scandiso.pl\/index.php\/wp-json\/wp\/v2\/media?parent=7559"}],"wp:term":[{"taxonomy":"product_brand","embeddable":true,"href":"https:\/\/scandiso.pl\/index.php\/wp-json\/wp\/v2\/product_brand?post=7559"},{"taxonomy":"product_cat","embeddable":true,"href":"https:\/\/scandiso.pl\/index.php\/wp-json\/wp\/v2\/product_cat?post=7559"},{"taxonomy":"product_tag","embeddable":true,"href":"https:\/\/scandiso.pl\/index.php\/wp-json\/wp\/v2\/product_tag?post=7559"}],"curies":[{"name":"wp","href":"https:\/\/api.w.org\/{rel}","templated":true}]}}