{"id":7775,"date":"2025-11-15T00:21:41","date_gmt":"2025-11-14T23:21:41","guid":{"rendered":"https:\/\/scandiso.pl\/index.php\/product\/krzeslo-sj-0159-czarny\/"},"modified":"2026-04-09T09:16:55","modified_gmt":"2026-04-09T07:16:55","slug":"krzeslo-sj-0159-czarny","status":"publish","type":"product","link":"https:\/\/scandiso.pl\/index.php\/product\/krzeslo-sj-0159-czarny\/","title":{"rendered":"KRZES\u0141O SJ.0159 CZARNY"},"content":{"rendered":"<p>Nowoczesne wzornictwo i panuj\u0105ce trendy pokazuj\u0105 jak praktycznym materia\u0142em jest tkanina materia\u0142owa. Seria naszych krzese\u0142\u00a0typu SJ.0159 posiada nogi drewniane. Takie nogi pasuj\u0105 zar\u00f3wno do klasycznego wystroju jak i do nowoczesnych aran\u017cacji. Tapicerka materia\u0142owa okala siedzisko i oparcie, dzi\u0119ki czemu fotel jest mi\u0142y w dotyku i nie powoduje dyskomfortu w letnie dni. Krzes\u0142o ma zastosowanie w wielu pomieszczeniach takich jak: Salon, Jadalnia, Gabinet, Salon kosmetyczny, Recepcja, Poczekalnia. Krzes\u0142o sprzedawane jest w kompletach &#8211; 4szt w jednym opakowaniu.<\/p>\n","protected":false},"excerpt":{"rendered":"<p>Krzes\u0142o\u00a0w stylu skandynawskim\u00a0z drewnianymi nogami.<\/p>\n","protected":false},"featured_media":7759,"template":"","meta":[],"product_brand":[57],"product_cat":[35],"product_tag":[],"class_list":{"0":"post-7775","1":"product","2":"type-product","3":"status-publish","4":"has-post-thumbnail","6":"product_brand-akord-furniture-factory","7":"product_cat-krzesla-i-fotele","9":"first","10":"instock","11":"taxable","12":"shipping-taxable","13":"purchasable","14":"product-type-simple"},"_links":{"self":[{"href":"https:\/\/scandiso.pl\/index.php\/wp-json\/wp\/v2\/product\/7775","targetHints":{"allow":["GET"]}}],"collection":[{"href":"https:\/\/scandiso.pl\/index.php\/wp-json\/wp\/v2\/product"}],"about":[{"href":"https:\/\/scandiso.pl\/index.php\/wp-json\/wp\/v2\/types\/product"}],"wp:featuredmedia":[{"embeddable":true,"href":"https:\/\/scandiso.pl\/index.php\/wp-json\/wp\/v2\/media\/7759"}],"wp:attachment":[{"href":"https:\/\/scandiso.pl\/index.php\/wp-json\/wp\/v2\/media?parent=7775"}],"wp:term":[{"taxonomy":"product_brand","embeddable":true,"href":"https:\/\/scandiso.pl\/index.php\/wp-json\/wp\/v2\/product_brand?post=7775"},{"taxonomy":"product_cat","embeddable":true,"href":"https:\/\/scandiso.pl\/index.php\/wp-json\/wp\/v2\/product_cat?post=7775"},{"taxonomy":"product_tag","embeddable":true,"href":"https:\/\/scandiso.pl\/index.php\/wp-json\/wp\/v2\/product_tag?post=7775"}],"curies":[{"name":"wp","href":"https:\/\/api.w.org\/{rel}","templated":true}]}}