{"id":9926,"date":"2025-11-15T00:52:13","date_gmt":"2025-11-14T23:52:13","guid":{"rendered":"https:\/\/scandiso.pl\/index.php\/product\/wozek-turystyczny-transportowy-tyrs-skladany-145l-czarny\/"},"modified":"2026-04-07T22:46:45","modified_gmt":"2026-04-07T20:46:45","slug":"wozek-turystyczny-transportowy-tyrs-skladany-145l-czarny","status":"publish","type":"product","link":"https:\/\/scandiso.pl\/index.php\/product\/wozek-turystyczny-transportowy-tyrs-skladany-145l-czarny\/","title":{"rendered":"W\u00f3zek turystyczny transportowy TYRS sk\u0142adany 145L Czarny"},"content":{"rendered":"<p>Sk\u0142adany w\u00f3zek turystyczny transportowy TYRS czarny o pojemno\u015bci 145 litr\u00f3w oraz maksymalnym ud\u017awigu 110 kg. Doskonale sprawdzi si\u0119 podczas wypad\u00f3w na pla\u017c\u0119 czy pikniki na \u015bwie\u017cym powietrzu. Konstrukcja wykonana z metalu oraz tkaniny OXFORD gwarantuje niezawodno\u015b\u0107 i stabilno\u015b\u0107 w trudnych warunkach. W\u00f3zek o wymiarach 50x59x88 cm, mo\u017cna \u0142atwo z\u0142o\u017cy\u0107 do kompaktowych rozmiar\u00f3w. Idealny do przewo\u017cenia akcesori\u00f3w pla\u017cowych, piknikowych zapas\u00f3w czy zakup\u00f3w, zapewniaj\u0105c wygod\u0119 i funkcjonalno\u015b\u0107 w ka\u017cdej sytuacji.<\/p>\n<p><em>*Wymiary mog\u0105 si\u0119 r\u00f3\u017cni\u0107 +\/- 2 cm.<\/em><\/p>\n<p><em>*Prezentowany na zdj\u0119ciach kolor mo\u017ce w niewielkim stopniu r\u00f3\u017cni\u0107 si\u0119 od rzeczywistego, co jest wynikiem okre\u015blonych ustawie\u0144 i parametr\u00f3w wy\u015bwietlacza.<\/em><\/p>\n","protected":false},"excerpt":{"rendered":"<p>W\u00f3zek turystyczny transportowy TYRS czarny<\/p>\n","protected":false},"featured_media":9905,"template":"","meta":[],"product_brand":[57],"product_cat":[61],"product_tag":[],"class_list":{"0":"post-9926","1":"product","2":"type-product","3":"status-publish","4":"has-post-thumbnail","6":"product_brand-akord-furniture-factory","7":"product_cat-turystyczne","9":"first","10":"instock","11":"taxable","12":"shipping-taxable","13":"purchasable","14":"product-type-simple"},"_links":{"self":[{"href":"https:\/\/scandiso.pl\/index.php\/wp-json\/wp\/v2\/product\/9926","targetHints":{"allow":["GET"]}}],"collection":[{"href":"https:\/\/scandiso.pl\/index.php\/wp-json\/wp\/v2\/product"}],"about":[{"href":"https:\/\/scandiso.pl\/index.php\/wp-json\/wp\/v2\/types\/product"}],"wp:featuredmedia":[{"embeddable":true,"href":"https:\/\/scandiso.pl\/index.php\/wp-json\/wp\/v2\/media\/9905"}],"wp:attachment":[{"href":"https:\/\/scandiso.pl\/index.php\/wp-json\/wp\/v2\/media?parent=9926"}],"wp:term":[{"taxonomy":"product_brand","embeddable":true,"href":"https:\/\/scandiso.pl\/index.php\/wp-json\/wp\/v2\/product_brand?post=9926"},{"taxonomy":"product_cat","embeddable":true,"href":"https:\/\/scandiso.pl\/index.php\/wp-json\/wp\/v2\/product_cat?post=9926"},{"taxonomy":"product_tag","embeddable":true,"href":"https:\/\/scandiso.pl\/index.php\/wp-json\/wp\/v2\/product_tag?post=9926"}],"curies":[{"name":"wp","href":"https:\/\/api.w.org\/{rel}","templated":true}]}}